d x.
51
Let y(h) = 20 + 23 + 7*h - 3. Let u be y(0). What is the greatest common divisor of 520 and u?
40
Let o = -79 - 101. Let g be 490/63 + -5*8/o. What is the highest common divisor of g and 2?
2
Suppose -232 = 13*h - 13245. What is the highest common factor of 273 and h?
91
Suppose k - 407 = 3*h - 5*h, -3*k + 3*h + 1203 = 0. What is the highest common factor of k and 124?
31
Let x be (-30)/(-4)*((-96)/18 - 0). Let q = 51 + x. Suppose -4*l + 57 + 31 = 0. Calculate the greatest common divisor of l and q.
11
Suppose 10*k = 15*k - 290. Suppose 35*i = 15*i - 120. Let v be 29/i*(-8)/12*9. Calculate the highest common divisor of v and k.
29
Let y(u) = 2*u**3 - 77*u**2 - 7*u - 50. Let z be y(43). What is the greatest common factor of 90 and z?
90
Let g be 2/(10/(-12) + 1). Suppose -21*o + 97 = 13. Suppose -o*f + 12 = -2*h - 42, -3*f - 5*h = -21. What is the greatest common divisor of f and g?
12
Let w(l) = 374*l**2 - 109*l + 496. Let a be w(5). Calculate the highest common factor of a and 131.
131
Suppose -105 + 90 = 5*u, 2122 = 5*j - 4*u. What is the greatest common factor of 2743 and j?
211
Let b(h) = h**3 + 25*h**2 - 5*h - 51. Let l be b(-24). Calculate the highest common divisor of 15 and l.
15
Suppose 2 = -11*d + 13*d. Let k = 44 - 26. Suppose -2*t = 3*j + 3*t - k, -3*t = -2*j - 7. Calculate the greatest common factor of j and d.
1
Let o(a) be the second derivative of a**5/20 + 11*a**4/12 - a**3/2 - 20*a**2 - 136*a. Let q be o(-8). Calculate the highest common factor of q and 22.
22
Let i be (1 - 7)/((-1)/((-2)/2)). Let y be (i/9)/((-4)/78) - -2. Suppose 0 = -h - 1 + y. Calculate the greatest common divisor of h and 35.
7
Suppose 9*j - 229 + 67 = 0. Let k be 1/1*((0 - -94) + -4). What is the highest common divisor of k and j?
18
Suppose 0*s = -4*s + 100. Suppose 643*b - 652*b = -2700. Suppose 2*t - 12*x + 7*x - 150 = 0, -4*t = 4*x - b. Calculate the greatest common divisor of t and s.
25
Suppose -5*r + 15*g - 13*g = -12, 2*g = -3*r + 4. Suppose 0 = 6*k - 2*k + 5*p - 421, r*k + 3*p = 213. Calculate the greatest common factor of k and 18.
9
Let q be (-33)/77 + (-512)/14. Let x be (q/(-5))/(-10 - (-306)/30). Let u be (-1 - (-41)/4)*4. Calculate the greatest common factor of u and x.
37
Let y = 16472 - 16418. Let z(o) = o**3 + 6*o**2 + 7*o + 5. Let b be z(-4). What is the highest common factor of y and b?
9
Let d(f) = 72*f + 29. Let o be d(5). Suppose 0 = o*w - 390*w + 114. What is the highest common divisor of 6 and w?
6
Suppose -5*f - 4*p + p = -2750, -1639 = -3*f - 4*p. Calculate the greatest common factor of 1580 and f.
79
Let f be (32/(-4) + 714/84)/((-2)/(-792)). What is the highest common divisor of 90 and f?
18
Let v be -208*(0 - (1 + 0)). Suppose -32*o + 70 = -18*o. Suppose -5*i - 21 = -j, 4*i - 85 = -o*j + 9*i. Calculate the greatest common divisor of v and j.
16
Suppose -10*t + 33 = -47. Let h be ((-12)/(-8))/(6/(-16)). Let l(g) = -2*g**3 - 5*g**2 - 3*g - 4. Let u be l(h). What is the greatest common factor of u and t?
8
Let i(v) = v**3 - 4*v**2 + 3*v + 4. Let g be i(3). Let w be ((-110)/25)/(6/(-75)). Let s = 61 - w. Calculate the greatest common factor of s and g.
2
Let j = 199 - 203. Let n(f) be the third derivative of -13*f**4/24 + f**3/3 - 2*f**2. Let d be n(j). Calculate the highest common factor of 6 and d.
6
Suppose -n = -1, 5*w - 3*n = 4193 - 166. Calculate the greatest common divisor of w and 832.
26
Let t(f) = 63*f**2 - 3*f + 6. Let r be t(-2). Let s = r + -250. Calculate the greatest common divisor of 7 and s.
7
Let l be (-3040)/(-5 + -5) + 11. What is the highest common divisor of 4515 and l?
105
Suppose -31*i + 74 = -50. Suppose -s + z = 3*s - 683, -4*s + 680 = -i*z. What is the greatest common factor of 152 and s?
19
Let f be (-96)/(-84)*7 - -16062. What is the highest common factor of f and 10?
10
Let s be 35/2*36/15. Let j = 121825 + -121762. Calculate the highest common factor of j and s.
21
Let n be -2*(-4)/(-20)*-370. Let i = n + -115. What is the highest common factor of i and 363?
33
Suppose -5*z + 51*c - 52*c + 49 = 0, 32 = 3*z - 2*c. Let a(i) = -7*i + 137. Let v be a(-19). Calculate the highest common factor of v and z.
10
Suppose 2*t = -2*t + 80. Let q = 6262 - 6212. What is the highest common divisor of t and q?
10
Suppose -15*h + 2122 = 892. Calculate the highest common factor of 574 and h.
82
Let l(k) = 162*k**2 + 3*k - 2. Let c be l(1). Suppose n = c + 2. Suppose w - 108 - n = 0. Calculate the greatest common factor of 39 and w.
39
Let o(a) = -5*a**3 + 135*a**2 - 16*a + 1032. Let x be o(27). Calculate the highest common factor of x and 925.
25
Let s(o) = 22*o + 192. Let k = -328 + 320. Let t be s(k). Let v be ((-2)/(-5))/(1/10). What is the greatest common factor of t and v?
4
Let u(w) = 2*w**3 + 73*w**2 - 45*w - 54. Let y be u(-37). Calculate the greatest common divisor of y and 8833.
121
Let f be 824/(9 - (19 + -11)). Calculate the highest common divisor of f and 56.
8
Suppose -17*p = -2695 + 213. Let i = -131 + p. Calculate the greatest common factor of 120 and i.
15
Let r be 4 - 12 - -59*(3 - 2). Calculate the greatest common factor of 8109 and r.
51
Suppose 18*g + 24 = 15*g + 5*n, -8 = g + 5*n. Let k(r) = -r**2 - 8*r + 6. Let c be k(g). What is the highest common divisor of c and 24?
6
Let j = -2518 - -4205. What is the greatest common divisor of j and 4579?
241
Suppose -23*y - 149 = -26*y + 4*u, 3*y - 173 = -2*u. Let w be 37 - (-1)/(-2)*4. Let r be (44/(-10))/((-7)/w). What is the greatest common factor of r and y?
11
Suppose 0 = -84*d + 85*d - 102. What is the highest common factor of d and 2159?
17
Let a(f) = -f**3 - 10*f**2 - 26*f - 11. Let b be 35/(-5) - (10 - 6 - 0). Let g be a(b). What is the greatest common factor of 297 and g?
99
Suppose 0 = y - 2*y + 2*i + 11, 3*y - i - 18 = 0. Suppose y*d + 100 = 10*d. Suppose -27*s = -34*s + 28. Calculate the highest common factor of s and d.
4
Suppose -143*v = -136*v - 21. Let h(x) = 4*x**3 - 5*x**2 + 2*x - 1. Let r be h(v). Let m be 70/4 - 1/2. Calculate the highest common factor of m and r.
17
Let b(g) = g**3 - 19*g**2 + 36*g - 29. Let t be b(17). Suppose -t*j - 5361 = -4*u, 5*u - j = 6*u - 1347. Calculate the greatest common factor of 16 and u.
16
Let q be 3*(-3 + (-184)/(-24)). Suppose -q*a - 36 = -960. Suppose 2*d - 36 = -d. What is the greatest common divisor of a and d?
6
Let k = 30 + -27. Let f be 2/6 - (-11)/k. Let h be 141*4/48 + (-2)/(-8). Calculate the highest common divisor of h and f.
4
Suppose -11908*z = -11893*z - 416 - 34. Let l(t) = -36*t - 6. Let h be l(-6). Calculate the greatest common divisor of h and z.
30
Suppose 0 = 2*u - 12*u + 300. Suppose 0 = -3*m - 4*w + u, 3*m - 27*w + 25*w = 48. What is the greatest common divisor of 7 and m?
7
Let y(u) = -69*u + 39. Let b be y(5). Let k = -262 - b. Calculate the highest common divisor of 704 and k.
44
Let v = 62 - 60. Let h be (v + -14)*323/(-68). Let s(t) = t**3 - 9*t**2 + 5*t - 7. Let z be s(9). What is the highest common factor of z and h?
19
Suppose -b = 4*b - 290. Let h(j) be the third derivative of j**5/15 + j**4/2 - 5*j**3/2 + 7*j**2. Let y be h(-8). What is the greatest common factor of y and b?
29
Suppose 2*h = -0*h - 3*g - 7, 4*h + 11 = -5*g. Let w be (-8)/(-1 - h) + -6. Let x be (-3 - (-214)/6) + w/(-6). What is the greatest common divisor of 132 and x?
33
Suppose -4 + 5 = -y. Let z(s) = -4*s**3 + 2*s**2 - 1. Let t be z(y). Suppose -28*w - 6*w + 140 = -6*w. What is the highest common factor of t and w?
5
Suppose -115*c = -113*c - 4. What is the highest common factor of c and 346?
2
Suppose 4*k - 6*k + 8 = 0. Suppose -4*x = 3*p + 105, k*x + 68 + 27 = -5*p. Let c be 6/(-12)*x/1. Calculate the greatest common divisor of c and 10.
5
Let s(r) = -31*r**3 + r**2 - 11*r - 11. Let v be s(-5). What is the greatest common factor of v and 136?
136
Suppose -2*i + 24 = 3*l, 5*l + 32 = 9*l + 4*i. Suppose -l*x + 402 = -70. Suppose x + 53 = 8*v. Calculate the greatest common divisor of v and 154.
14
Let q(k) = k**3 - 3*k**2 + 9*k - 7. Let n be (2 + -4)*3/(-2). Let z be q(n). Calculate the greatest common factor of z and 30.
10
Let b(a) = 1. Let f(d) = 9*d - 21. Let n(c) = 18*b(c) + f(c). Let u be n(15). Suppose 16 - u = -g. What is the greatest common factor of g and 29?
29
Let o = 5309 + -5